*i - 3*h. What is the greatest common factor of i and 99?
9
Let i be (3/1)/(3/3). Let x be 0 - (i + 3)/(-2). Calculate the highest common divisor of x and 15.
3
Let t = -20 - -34. Suppose t = 2*r + 4. Suppose -2*s - 5 + 15 = 0. What is the highest common factor of r and s?
5
Let p(j) = -24*j + 151. Let h be p(6). Calculate the greatest common divisor of 91 and h.
7
Suppose -10*b + 4*b + 240 = 0. Suppose 5 + b = 5*p. What is the greatest common divisor of p and 81?
9
Let x(u) = u. Let p(s) = s**3 + s. Let d(w) = p(w) - 2*x(w). Suppose 176 - 2 = 58*t. Let a be d(t). What is the highest common divisor of 60 and a?
12
Let n(c) = -2*c**2 - 21*c - 23. Let b be n(-9). What is the highest common divisor of 37 and b?
1
Let r = 24 - 12. Suppose 4*n - 4*b - 246 - 278 = 0, 5*b = -4*n + 533. What is the highest common divisor of r and n?
12
Suppose -2*n + 12 + 24 = 0. Let b = 338 + -50. Suppose 6*c - 2*r = 4*c + b, 4*c - 2*r - 576 = 0. What is the greatest common factor of n and c?
18
Let i be (-4 + 4 + 0)/2. Suppose -4*n + 3*g + i*g = 0, -14 = -2*n - 2*g. Let w be (-6 + n)/(3/(-32)). Calculate the greatest common divisor of 8 and w.
8
Let j(g) = -g**3 + 11*g**2 + 24*g + 59. Let v be j(13). Calculate the greatest common factor of 715 and v.
11
Let z(h) = -h**3 - 4*h**2 + 2*h + 9. Let t be z(-5). Let n = t - -11. Calculate the greatest common divisor of n and 385.
35
Suppose -4*d - 114 = 2*q - 42, q + 52 = -3*d. Let y be (d/(-6))/((-4)/(-18)). Let c = 24 - 12. What is the highest common divisor of c and y?
12
Let h(z) = -z**2 + 8*z - 5. Let o be h(7). Let r = 8 - 4. What is the greatest common factor of o and r?
2
Let n(q) be the second derivative of q**5/20 + 3*q**4/4 - 5*q**3/3 + 2*q**2 + 19*q. Let r be n(-10). Calculate the greatest common divisor of 8 and r.
4
Let g(i) = i**2 - 23*i + 11. Let s be g(23). Suppose -t + 5*t - 176 = 0. Calculate the highest common factor of t and s.
11
Let p be ((-44)/11)/((-6)/12). What is the highest common factor of p and 38?
2
Suppose -3 = 3*t + 5*r, t + 16*r = 19*r + 13. Calculate the greatest common divisor of 7 and t.
1
Let x(m) = -70*m - 26. Let y be x(-1). What is the highest common factor of y and 66?
22
Let u(z) = -3*z**2 - 44*z - 28. Let y be u(-10). Let a = -24 - -9. Let t be (-2)/(-1*2) - a. What is the highest common factor of y and t?
16
Suppose 2*k - 13 = 3*t - 3, 3*k = -4*t + 15. Let c = 7 - k. Suppose -3*z - c*z + 30 = 0. What is the highest common factor of 30 and z?
6
Let g be (-12)/(-16) - (-1009)/4 - 4. Calculate the highest common factor of 3 and g.
3
Suppose 0 = y, -2*m - 46 = 3*y + y. Let h = 50 + m. Calculate the highest common factor of h and 18.
9
Let q = 1 - -19. Suppose -2*a - 5*b = -3, b = a - 2 - 3. What is the highest common divisor of a and q?
4
Let j(v) = v**2 - 12*v - 19. Let t be j(-5). Let y = 131 - t. What is the highest common divisor of 13 and y?
13
Let p = -28 - -31. Suppose 6*v - 93 = p*v. What is the highest common divisor of v and 155?
31
Let k(d) = 146*d + 10. Let q be k(6). Suppose 4*u = 2*g - q, 0 = 3*u + 2*g + 145 + 516. Let t be u/(-4) - 1/4. What is the highest common factor of t and 5?
5
Let m(g) = -24*g - 3. Let r = -13 - -18. Let a(c) = -c**3 + 4*c**2 + 4*c - 2. Let u be a(r). Let i be m(u). What is the highest common divisor of 15 and i?
15
Let l(d) = 19*d + 116. Let w be l(4). What is the highest common factor of 144 and w?
48
Let s(j) = j**2 - 18*j + 16. Let d be s(17). Let k be 1/(-7)*(d - 6). Calculate the highest common factor of k and 8.
1
Let f be (0 - 10)*208/(-65). Let q be 2/6 - f/(-3)*1. What is the greatest common divisor of q and 33?
11
Suppose 8*v - 10*v + 4 = 0. Suppose 0 = 3*h + v*h - 5*w - 45, 0 = -h - 3*w - 11. What is the greatest common divisor of h and 10?
2
Let p(x) = 22*x**2 - 1. Let g be p(1). Let t be (-50)/600 - 7563/(-36). Calculate the highest common factor of g and t.
21
Let o be 60/(-12)*6/(-10). Suppose o*h + 39 = 84. Suppose -2*z - 5*v = -40, 3*z = v + v + 22. Calculate the greatest common divisor of z and h.
5
Let o be 6*5 + 0 + 0. Let b(f) = 4*f**2 - 90*f + 30. Let q be b(22). Let i = q + o. Calculate the greatest common factor of 8 and i.
8
Let d be (-5)/(-1) + (14 - 1). Suppose -d*p + 419 = -3469. What is the greatest common factor of 24 and p?
24
Suppose 67*u = 27160 - 360. What is the highest common divisor of 125 and u?
25
Suppose -1995 = -34*a + 27*a. What is the greatest common divisor of a and 6?
3
Let m(i) = -i**3 - 24*i**2 + 131*i + 564. Let y be m(-28). Suppose -4 = t - 3*t. Let k be (-4)/t + 4 + 2. What is the highest common divisor of k and y?
4
Let b be 6 + 1 + -3 + -1. Suppose b*k - 3*w = 57, -k + 4 = -4*w - 0*w. Calculate the highest common divisor of k and 60.
12
Suppose -8*y = -12*y + 1144. Let l(q) = 0 - 4*q**2 + 7*q**2 - 2 + 5*q. Let n be l(-4). Calculate the highest common divisor of n and y.
26
Suppose -6*d + 10*d = 0. Let t(f) = -f**3 + f**2 + 17. Let k be t(d). Let l = 27 - k. What is the highest common factor of l and 10?
10
Let z(q) = q**3 + 7*q**2 + 6*q. Suppose 0 = -u - 1. Let v be (-1 - 0) + 3/u. Let c be z(v). Calculate the highest common divisor of 3 and c.
3
Let c be 25/2 + 3/(-6). Calculate the greatest common factor of c and 48.
12
Let q = -412 - -425. What is the greatest common factor of 26 and q?
13
Suppose 79*p + 616 = 86*p. Suppose 3*u = 7*u + 24. Let c(q) = -q**2 - 6*q + 8. Let b be c(u). Calculate the greatest common divisor of b and p.
8
Let w = -19 + 75. Let t be (5/(-15) - -3) + 2/6. Suppose w = t*s + s. Calculate the highest common factor of s and 2.
2
Let s be 3*(-7)/7*-6. Let n(x) = x**2 + 9*x + 2. Let l be n(-9). Calculate the highest common divisor of l and s.
2
Suppose -26 = -3*m + 28. Suppose -50*x = -5*b - 54*x - 10, 0 = -3*b + 3*x + 21. What is the greatest common factor of m and b?
2
Suppose 5*j - 24 = 2*j. Let k = 1 + 3. Suppose -k*x + 13 = 5*s - x, -1 = s - 3*x. What is the highest common divisor of j and s?
2
Let z(q) = 7*q**2 + 11*q - 10. Let j be z(1). Calculate the highest common divisor of j and 104.
8
Let j = 331 - 141. Suppose 5*u = 5*l - j, 3*u = -2*l - 0*l + 96. Calculate the greatest common factor of l and 6.
6
Let t(a) = a**3 + 3*a**2 - 12*a - 33. Let b be t(-3). Calculate the greatest common factor of 5 and b.
1
Let a be 131 - (3 + 14/(-2)). Let k = 43 - 28. Calculate the highest common factor of k and a.
15
Let s be 10/2*((-3 - -3) + 17). Let f(u) = -18*u - 2. Let g be f(-2). Calculate the greatest common divisor of g and s.
17
Let j(y) = -11*y + 1. Let n be j(-1). Let q(l) = -5*l**2 + 88*l - 177. Let z be q(15). What is the highest common factor of z and n?
6
Let s(z) = z**3 + 13*z**2 + 23*z - 7. Let t be s(-10). What is the greatest common factor of 3 and t?
3
Let a = 263 + -104. Suppose -4*t + a = 63. Calculate the greatest common factor of 32 and t.
8
Suppose 0*w + 7 = w. Let m(i) = i**3 - 8*i**2 + 8*i - 8. Let q be m(w). Let f be -5*((-108)/(-20))/q. Calculate the greatest common factor of 18 and f.
9
Let f(b) = -33*b**2 - 37*b - 19. Let x(c) = -16*c**2 - 18*c - 9. Let s(y) = 3*f(y) - 7*x(y). Let z be s(-6). Calculate the greatest common factor of z and 48.
48
Suppose -5*a = -314 - 226. What is the greatest common divisor of 8 and a?
4
Suppose z + 3*d - 139 = 0, -5*z + 7*d = 9*d - 656. Calculate the highest common factor of z and 52.
26
Suppose -2*g - 40 = -5*n, 4*n + 0*g = g + 29. Suppose s + c - 4 = 0, c + n = s + 3*c. Calculate the highest common divisor of 26 and s.
2
Let a = 19 - 17. Let q = 8 - a. Suppose -q*t - 13 = -67. What is the greatest common factor of t and 18?
9
Let p(j) = 3*j + 2. Let b be p(-8). Let a(r) = 5*r - 3. Let v be a(7). Let n = v + b. Calculate the highest common divisor of 50 and n.
10
Suppose 6*b - 9*b + 78 = 0. Suppose b = 4*g - 26. Calculate the highest common factor of 91 and g.
13
Let v be (-194)/(-3) - 2/(-6). Let n(k) = k**3 + 6*k**2 + k - 2. Let d be (-4)/(-3) + (-96)/18. Let l be n(d). What is the greatest common divisor of l and v?
13
Suppose -4*a + 3*a - 21 = 0. Let r = 26 + a. Let s be ((-2)/r)/(1/(-5)). Calculate the highest common divisor of 8 and s.
2
Let k(g) = -g**3 + g**2 - g + 212. Let u be (-6)/14 + (-27)/(-63). Let v be k(u). What is the greatest common factor of v and 53?
53
Let u = -13 - -21. Suppose 44 = 2*